{"id":598,"date":"2018-07-26T18:08:55","date_gmt":"2018-07-26T16:08:55","guid":{"rendered":"http:\/\/dev.laurence-otteny.com\/?page_id=598"},"modified":"2018-07-26T18:30:39","modified_gmt":"2018-07-26T16:30:39","slug":"au-theatre","status":"publish","type":"page","link":"https:\/\/laurence-otteny.com\/index.php\/au-theatre\/","title":{"rendered":"Au Th\u00e9\u00e2tre"},"content":{"rendered":"<p>J&#8217;ai particip\u00e9 &#8230; avec les plus grands &#8230;<\/p>\n<p><a href=\"http:\/\/dev.laurence-otteny.com\/index.php\/mon-travail-avec-didier-bezace\/\">DIDIER BEZACE<\/a><\/p>\n<p><a href=\"http:\/\/dev.laurence-otteny.com\/index.php\/le-phun-theatre\/\">LE PHUN THEATRE<\/a><\/p>\n<p>etc &#8230;<\/p>\n<p><img loading=\"lazy\" decoding=\"async\" class=\"alignleft size-full wp-image-25\" src=\"http:\/\/dev.laurence-otteny.com\/wp-content\/uploads\/2017\/10\/arts-de-la-rue-2.jpg\" alt=\"\" width=\"5120\" height=\"3620\" srcset=\"https:\/\/laurence-otteny.com\/wp-content\/uploads\/2017\/10\/arts-de-la-rue-2.jpg 5120w, https:\/\/laurence-otteny.com\/wp-content\/uploads\/2017\/10\/arts-de-la-rue-2-300x212.jpg 300w, https:\/\/laurence-otteny.com\/wp-content\/uploads\/2017\/10\/arts-de-la-rue-2-768x543.jpg 768w, https:\/\/laurence-otteny.com\/wp-content\/uploads\/2017\/10\/arts-de-la-rue-2-1024x724.jpg 1024w\" sizes=\"(max-width: 5120px) 100vw, 5120px\" \/><\/p>\n","protected":false},"excerpt":{"rendered":"<p>J&#8217;ai particip\u00e9 &#8230; avec les plus grands &#8230; DIDIER BEZACE LE PHUN THEATRE etc &#8230;<\/p>\n","protected":false},"author":1,"featured_media":175,"parent":0,"menu_order":0,"comment_status":"closed","ping_status":"closed","template":"","meta":{"footnotes":""},"_links":{"self":[{"href":"https:\/\/laurence-otteny.com\/index.php\/wp-json\/wp\/v2\/pages\/598"}],"collection":[{"href":"https:\/\/laurence-otteny.com\/index.php\/wp-json\/wp\/v2\/pages"}],"about":[{"href":"https:\/\/laurence-otteny.com\/index.php\/wp-json\/wp\/v2\/types\/page"}],"author":[{"embeddable":true,"href":"https:\/\/laurence-otteny.com\/index.php\/wp-json\/wp\/v2\/users\/1"}],"replies":[{"embeddable":true,"href":"https:\/\/laurence-otteny.com\/index.php\/wp-json\/wp\/v2\/comments?post=598"}],"version-history":[{"count":2,"href":"https:\/\/laurence-otteny.com\/index.php\/wp-json\/wp\/v2\/pages\/598\/revisions"}],"predecessor-version":[{"id":617,"href":"https:\/\/laurence-otteny.com\/index.php\/wp-json\/wp\/v2\/pages\/598\/revisions\/617"}],"wp:featuredmedia":[{"embeddable":true,"href":"https:\/\/laurence-otteny.com\/index.php\/wp-json\/wp\/v2\/media\/175"}],"wp:attachment":[{"href":"https:\/\/laurence-otteny.com\/index.php\/wp-json\/wp\/v2\/media?parent=598"}],"curies":[{"name":"wp","href":"https:\/\/api.w.org\/{rel}","templated":true}]}}